{"id":8,"date":"2018-05-14T15:01:57","date_gmt":"2018-05-14T15:01:57","guid":{"rendered":"http:\/\/ruegen-ferienanlage.de\/?page_id=8"},"modified":"2018-05-15T13:49:30","modified_gmt":"2018-05-15T13:49:30","slug":"ferienanlage-ansicht","status":"publish","type":"page","link":"https:\/\/ruegen-ferienanlage.de\/","title":{"rendered":"To Hus"},"content":{"rendered":"<p><span style=\"font-family: Times\\ New\\ Roman, Times;\"><span style=\"font-size: 14pt;\"><span style=\"font-size: 12pt;\">Hier finden Sie<\/span> <span style=\"color: #00ccff;\">Ruhe<\/span> <span style=\"font-size: 12pt;\">und <\/span><span style=\"color: #00ccff;\">Entspannung<\/span><\/span> in einer unserer voll ausgestatteten 3 Ferienwohnungen, alle individuell mit verschiedenen Sitzgruppen, Strandk\u00f6rben, Sonnenliegen und Grillm\u00f6glichkeiten<\/span><span style=\"font-family: Times\\ New\\ Roman, Times;\"><br \/>\n<\/span><\/p>\n<div id='gallery-1' class='gallery galleryid-8 gallery-columns-3 gallery-size-medium'><figure class='gallery-item'>\n\t\t\t<div class='gallery-icon landscape'>\n\t\t\t\t<a href='https:\/\/ruegen-ferienanlage.de\/?attachment_id=50'><img width=\"300\" height=\"225\" src=\"https:\/\/ruegen-ferienanlage.de\/wp-content\/uploads\/2018\/05\/IMG_1065-e1526401597662-300x225.jpg\" class=\"attachment-medium size-medium\" alt=\"\" loading=\"lazy\" srcset=\"https:\/\/ruegen-ferienanlage.de\/wp-content\/uploads\/2018\/05\/IMG_1065-e1526401597662-300x225.jpg 300w, https:\/\/ruegen-ferienanlage.de\/wp-content\/uploads\/2018\/05\/IMG_1065-e1526401597662-768x576.jpg 768w, https:\/\/ruegen-ferienanlage.de\/wp-content\/uploads\/2018\/05\/IMG_1065-e1526401597662-1024x768.jpg 1024w\" sizes=\"(max-width: 300px) 100vw, 300px\" \/><\/a>\n\t\t\t<\/div><\/figure><figure class='gallery-item'>\n\t\t\t<div class='gallery-icon landscape'>\n\t\t\t\t<a href='https:\/\/ruegen-ferienanlage.de\/?attachment_id=48'><img width=\"300\" height=\"225\" src=\"https:\/\/ruegen-ferienanlage.de\/wp-content\/uploads\/2018\/05\/Strandkorbkl-1-300x225.jpg\" class=\"attachment-medium size-medium\" alt=\"\" loading=\"lazy\" srcset=\"https:\/\/ruegen-ferienanlage.de\/wp-content\/uploads\/2018\/05\/Strandkorbkl-1-300x225.jpg 300w, https:\/\/ruegen-ferienanlage.de\/wp-content\/uploads\/2018\/05\/Strandkorbkl-1-768x576.jpg 768w, https:\/\/ruegen-ferienanlage.de\/wp-content\/uploads\/2018\/05\/Strandkorbkl-1-1024x768.jpg 1024w\" sizes=\"(max-width: 300px) 100vw, 300px\" \/><\/a>\n\t\t\t<\/div><\/figure><figure class='gallery-item'>\n\t\t\t<div class='gallery-icon landscape'>\n\t\t\t\t<a href='https:\/\/ruegen-ferienanlage.de\/?attachment_id=71'><img width=\"300\" height=\"225\" src=\"https:\/\/ruegen-ferienanlage.de\/wp-content\/uploads\/2018\/05\/Terrasse-mit-Blick-zum-Meer-2-300x225.jpg\" class=\"attachment-medium size-medium\" alt=\"\" loading=\"lazy\" srcset=\"https:\/\/ruegen-ferienanlage.de\/wp-content\/uploads\/2018\/05\/Terrasse-mit-Blick-zum-Meer-2-300x225.jpg 300w, https:\/\/ruegen-ferienanlage.de\/wp-content\/uploads\/2018\/05\/Terrasse-mit-Blick-zum-Meer-2-768x576.jpg 768w, https:\/\/ruegen-ferienanlage.de\/wp-content\/uploads\/2018\/05\/Terrasse-mit-Blick-zum-Meer-2-1024x768.jpg 1024w\" sizes=\"(max-width: 300px) 100vw, 300px\" \/><\/a>\n\t\t\t<\/div><\/figure>\n\t\t<\/div>\n\n<p><span style=\"font-family: Times\\ New\\ Roman, Times;\">Von unserer Liegewiese bietet sich Ihnen ein herrlicher Blick auf die Ostsee &#8211; die gr\u00f6\u00dfte Naturleinwand, kostenloses Kinoerlebnis &#8222;<span style=\"color: #00ccff;\">Das Meer<\/span>&#8222;<\/span><\/p>\n<p><span style=\"font-family: Times\\ New\\ Roman, Times; font-size: 14pt;\">Den Sonnenuntergang in Lohme werden Sie nie vergessen \ud83d\ude09<\/span><\/p>\n<div id='gallery-2' class='gallery galleryid-8 gallery-columns-5 gallery-size-thumbnail'><figure class='gallery-item'>\n\t\t\t<div class='gallery-icon landscape'>\n\t\t\t\t<a href='https:\/\/ruegen-ferienanlage.de\/?attachment_id=205'><img width=\"150\" height=\"150\" src=\"https:\/\/ruegen-ferienanlage.de\/wp-content\/uploads\/2018\/05\/100_9573-150x150.jpg\" class=\"attachment-thumbnail size-thumbnail\" alt=\"\" loading=\"lazy\" srcset=\"https:\/\/ruegen-ferienanlage.de\/wp-content\/uploads\/2018\/05\/100_9573-150x150.jpg 150w, https:\/\/ruegen-ferienanlage.de\/wp-content\/uploads\/2018\/05\/100_9573-180x180.jpg 180w\" sizes=\"(max-width: 150px) 100vw, 150px\" \/><\/a>\n\t\t\t<\/div><\/figure><figure class='gallery-item'>\n\t\t\t<div class='gallery-icon landscape'>\n\t\t\t\t<a href='https:\/\/ruegen-ferienanlage.de\/?attachment_id=207'><img width=\"150\" height=\"150\" src=\"https:\/\/ruegen-ferienanlage.de\/wp-content\/uploads\/2018\/05\/2014-quer-Beet-348-150x150.jpg\" class=\"attachment-thumbnail size-thumbnail\" alt=\"\" loading=\"lazy\" srcset=\"https:\/\/ruegen-ferienanlage.de\/wp-content\/uploads\/2018\/05\/2014-quer-Beet-348-150x150.jpg 150w, https:\/\/ruegen-ferienanlage.de\/wp-content\/uploads\/2018\/05\/2014-quer-Beet-348-180x180.jpg 180w\" sizes=\"(max-width: 150px) 100vw, 150px\" \/><\/a>\n\t\t\t<\/div><\/figure><figure class='gallery-item'>\n\t\t\t<div class='gallery-icon landscape'>\n\t\t\t\t<a href='https:\/\/ruegen-ferienanlage.de\/?attachment_id=208'><img width=\"150\" height=\"150\" src=\"https:\/\/ruegen-ferienanlage.de\/wp-content\/uploads\/2018\/05\/4917632849305-150x150.jpg\" class=\"attachment-thumbnail size-thumbnail\" alt=\"\" loading=\"lazy\" srcset=\"https:\/\/ruegen-ferienanlage.de\/wp-content\/uploads\/2018\/05\/4917632849305-150x150.jpg 150w, https:\/\/ruegen-ferienanlage.de\/wp-content\/uploads\/2018\/05\/4917632849305-300x300.jpg 300w, https:\/\/ruegen-ferienanlage.de\/wp-content\/uploads\/2018\/05\/4917632849305-180x180.jpg 180w, https:\/\/ruegen-ferienanlage.de\/wp-content\/uploads\/2018\/05\/4917632849305.jpg 640w\" sizes=\"(max-width: 150px) 100vw, 150px\" \/><\/a>\n\t\t\t<\/div><\/figure><figure class='gallery-item'>\n\t\t\t<div class='gallery-icon landscape'>\n\t\t\t\t<a href='https:\/\/ruegen-ferienanlage.de\/?attachment_id=210'><img width=\"150\" height=\"150\" src=\"https:\/\/ruegen-ferienanlage.de\/wp-content\/uploads\/2018\/05\/Fotos-vom-Handy-231-150x150.jpg\" class=\"attachment-thumbnail size-thumbnail\" alt=\"\" loading=\"lazy\" srcset=\"https:\/\/ruegen-ferienanlage.de\/wp-content\/uploads\/2018\/05\/Fotos-vom-Handy-231-150x150.jpg 150w, https:\/\/ruegen-ferienanlage.de\/wp-content\/uploads\/2018\/05\/Fotos-vom-Handy-231-180x180.jpg 180w\" sizes=\"(max-width: 150px) 100vw, 150px\" \/><\/a>\n\t\t\t<\/div><\/figure><figure class='gallery-item'>\n\t\t\t<div class='gallery-icon landscape'>\n\t\t\t\t<a href='https:\/\/ruegen-ferienanlage.de\/?attachment_id=211'><img width=\"150\" height=\"150\" src=\"https:\/\/ruegen-ferienanlage.de\/wp-content\/uploads\/2018\/05\/Fotos-vom-Handy-233-150x150.jpg\" class=\"attachment-thumbnail size-thumbnail\" alt=\"\" loading=\"lazy\" srcset=\"https:\/\/ruegen-ferienanlage.de\/wp-content\/uploads\/2018\/05\/Fotos-vom-Handy-233-150x150.jpg 150w, https:\/\/ruegen-ferienanlage.de\/wp-content\/uploads\/2018\/05\/Fotos-vom-Handy-233-180x180.jpg 180w\" sizes=\"(max-width: 150px) 100vw, 150px\" \/><\/a>\n\t\t\t<\/div><\/figure>\n\t\t<\/div>\n\n<p><span style=\"font-family: Times\\ New\\ Roman, Times;\"><span style=\"color: #00ccff;\"><strong>Ein absolutes Higlight ist<\/strong><\/span>, dass die Wanderwege in den Nationalpark zu den Kreidefelsen entlang der Steilk\u00fcste, neben unserem Grundst\u00fcck anfangen. Der perfekte Ort, um den Nationalpark mit seinen sch\u00f6nen W\u00e4ldern zu erkunden. Steinstr\u00e4nde laden zum verweilen ein und mit etwas Gl\u00fcck findet man das ein oder andere Fossil.<\/span><\/p>\n<p>In Lohme finden Sie<\/p>\n<ul>\n<li>Dorfladen<\/li>\n<li>Restaurants<\/li>\n<li>Seglerhafen<\/li>\n<li>Steinstr\u00e4nde<\/li>\n<\/ul>\n<p>&nbsp;<\/p>\n<p><strong><span style=\"font-family: Comic\\ Sans\\ MS, sans-serif;\">\u00a0<\/span><\/strong><\/p>\n","protected":false},"excerpt":{"rendered":"<p>Hier finden Sie Ruhe und Entspannung in einer unserer voll ausgestatteten 3 Ferienwohnungen, alle individuell mit verschiedenen Sitzgruppen, Strandk\u00f6rben, Sonnenliegen und Grillm\u00f6glichkeiten Von unserer Liegewiese bietet sich Ihnen ein herrlicher Blick auf die Ostsee &#8211; die gr\u00f6\u00dfte Naturleinwand, kostenloses Kinoerlebnis &#8222;Das Meer&#8222; Den Sonnenuntergang in Lohme werden Sie nie vergessen \ud83d\ude09 Ein absolutes Higlight ist,&hellip; <a href=\"https:\/\/ruegen-ferienanlage.de\/\" class=\"more-link\">Weiterlesen <span class=\"screen-reader-text\">To Hus<\/span><\/a><\/p>\n","protected":false},"author":1,"featured_media":0,"parent":0,"menu_order":0,"comment_status":"closed","ping_status":"closed","template":"templates\/full-width-page.php","meta":[],"_links":{"self":[{"href":"https:\/\/ruegen-ferienanlage.de\/index.php?rest_route=\/wp\/v2\/pages\/8"}],"collection":[{"href":"https:\/\/ruegen-ferienanlage.de\/index.php?rest_route=\/wp\/v2\/pages"}],"about":[{"href":"https:\/\/ruegen-ferienanlage.de\/index.php?rest_route=\/wp\/v2\/types\/page"}],"author":[{"embeddable":true,"href":"https:\/\/ruegen-ferienanlage.de\/index.php?rest_route=\/wp\/v2\/users\/1"}],"replies":[{"embeddable":true,"href":"https:\/\/ruegen-ferienanlage.de\/index.php?rest_route=%2Fwp%2Fv2%2Fcomments&post=8"}],"version-history":[{"count":15,"href":"https:\/\/ruegen-ferienanlage.de\/index.php?rest_route=\/wp\/v2\/pages\/8\/revisions"}],"predecessor-version":[{"id":250,"href":"https:\/\/ruegen-ferienanlage.de\/index.php?rest_route=\/wp\/v2\/pages\/8\/revisions\/250"}],"wp:attachment":[{"href":"https:\/\/ruegen-ferienanlage.de\/index.php?rest_route=%2Fwp%2Fv2%2Fmedia&parent=8"}],"curies":[{"name":"wp","href":"https:\/\/api.w.org\/{rel}","templated":true}]}}