{"id":89,"date":"2018-05-14T16:12:18","date_gmt":"2018-05-14T16:12:18","guid":{"rendered":"http:\/\/ruegen-ferienanlage.de\/?page_id=89"},"modified":"2018-05-15T13:52:22","modified_gmt":"2018-05-15T13:52:22","slug":"lohme","status":"publish","type":"page","link":"http:\/\/ruegen-ferienanlage.de\/?page_id=89","title":{"rendered":"Lohme &#038; R\u00fcgen"},"content":{"rendered":"<p><img loading=\"lazy\" class=\"alignright size-thumbnail wp-image-157\" src=\"http:\/\/ruegen-ferienanlage.de\/wp-content\/uploads\/2018\/05\/INSEL_RUEGEN-150x150.jpg\" alt=\"\" width=\"150\" height=\"150\" srcset=\"http:\/\/ruegen-ferienanlage.de\/wp-content\/uploads\/2018\/05\/INSEL_RUEGEN-150x150.jpg 150w, http:\/\/ruegen-ferienanlage.de\/wp-content\/uploads\/2018\/05\/INSEL_RUEGEN-300x300.jpg 300w, http:\/\/ruegen-ferienanlage.de\/wp-content\/uploads\/2018\/05\/INSEL_RUEGEN.jpg 600w, http:\/\/ruegen-ferienanlage.de\/wp-content\/uploads\/2018\/05\/INSEL_RUEGEN-180x180.jpg 180w\" sizes=\"(max-width: 150px) 100vw, 150px\" \/><\/p>\n<p><span style=\"font-family: Times\\ New\\ Roman, Times; font-size: 12pt;\">Das alte vertr\u00e4umte ehemalige Fischerdorf Lohme mit seinem romantischen Naturstrand und dem idyllisch gelegenen Seglerhafen trohnt ca. 50 m \u00fcber dem Meer und am n\u00f6rdlichen Rand des von der UNESCO zum Weltnaturerbe ernannten Nationalpark Jasmund mit seinen herrlichen Buchenw\u00e4ldern.<\/span><br \/>\n<span style=\"font-family: Times\\ New\\ Roman, Times; font-size: 12pt;\"> Verschiedene Wanderwege f\u00fchren Sie direkt zum ber\u00fchmten Kreidefelsen, dem K\u00f6nigsstuhl und dem informativen Nationalparkzentrum bis hin in die alte Hafenstadt Sassnitz.<\/span><br \/>\n<span style=\"font-family: Times\\ New\\ Roman, Times; font-size: 12pt;\"> Von Lohme aus sind Sie in 10 Autominuten auch an R\u00fcgens sch\u00f6nstem kilometerlangen Sandstrand, der Schaabe.<\/span><br \/>\n<span style=\"font-family: Times\\ New\\ Roman, Times; font-size: 12pt;\"> Viele touristische Anziehungspunkte wie zum Beispiel die j\u00e4hrlich stattfindenden St\u00f6rtebekerfestspiele sind von Lohme aus sehr gut zu erreichen.<\/span><br \/>\n<span style=\"font-family: Times\\ New\\ Roman, Times; font-size: 12pt;\"> Lohme bietet eine einmalige Lage f\u00fcr Menschen, die die unverwechselbare und beeindruckende Natur der Insel erleben m\u00f6chten.<\/span><\/p>\n<p><span style=\"font-family: Times\\ New\\ Roman, Times; font-size: 12pt;\"> Hier finden Sie Ruhe und Entspannung in einer unserer voll ausgestatteten 3 Ferienwohnungen, alle individuell mit verschiedenen Sitzgruppen, Strandk\u00f6rben, Sonnenliegen und Grillm\u00f6glichkeiten. Au\u00dferdem verleitet das Volleyballfeld\/Federball immer zu einem Spielchen auf dem Hof und der Blick aufs Wasser l\u00e4sst keine W\u00fcnsche offen.<\/span><\/p>\n<p><span style=\"font-family: Times\\ New\\ Roman, Times; font-size: 12pt;\">Von unserer Liegewiese bietet sich Ihnen ein herrlicher Blick auf die Ostsee &#8211; die gr\u00f6\u00dfte Naturleinwand, kostenloses Kinoerlebnis &#8222;<span style=\"color: #00ccff;\">Das Meer<\/span>&#8222;<\/span><\/p>\n<p><span style=\"font-family: Times\\ New\\ Roman, Times; font-size: 12pt; color: #00ccff;\"><span style=\"color: #000000;\">Den Sonnenuntergang in Lohme werden Sie nie vergessen \ud83d\ude09<\/span><\/span><\/p>\n<p><span style=\"font-family: Times\\ New\\ Roman, Times; font-size: 12pt;\"><strong><span style=\"color: #00ccff;\">Ein absolutes <span style=\"font-size: 14pt;\">Higlight<\/span> ist<\/span><\/strong>, dass die Wanderwege in den Nationalpark zu den Kreidefelsen entlang der Steilk\u00fcste, neben unserem Grundst\u00fcck anfangen. Der perfekte Ort, um den Nationalpark mit seinen sch\u00f6nen W\u00e4ldern zu erkunden. Steinstr\u00e4nde laden zum verweilen ein und mit etwas Gl\u00fcck findet man das ein oder andere Fossil.<\/span><\/p>\n<p><span style=\"font-family: Times\\ New\\ Roman, Times;\">In Lohme finden Sie ein Dorfladen,Restaurants,Seglerhafen und Steinstr\u00e4nde.<\/span><\/p>\n<div id='gallery-1' class='gallery galleryid-89 gallery-columns-3 gallery-size-medium'><figure class='gallery-item'>\n\t\t\t<div class='gallery-icon landscape'>\n\t\t\t\t<a href='http:\/\/ruegen-ferienanlage.de\/?attachment_id=140'><img width=\"300\" height=\"169\" src=\"http:\/\/ruegen-ferienanlage.de\/wp-content\/uploads\/2018\/05\/8246e7cf-fe28-4144-b1d0-4df9270a0c08-300x169.jpg\" class=\"attachment-medium size-medium\" alt=\"\" loading=\"lazy\" srcset=\"http:\/\/ruegen-ferienanlage.de\/wp-content\/uploads\/2018\/05\/8246e7cf-fe28-4144-b1d0-4df9270a0c08-300x169.jpg 300w, http:\/\/ruegen-ferienanlage.de\/wp-content\/uploads\/2018\/05\/8246e7cf-fe28-4144-b1d0-4df9270a0c08-768x432.jpg 768w, http:\/\/ruegen-ferienanlage.de\/wp-content\/uploads\/2018\/05\/8246e7cf-fe28-4144-b1d0-4df9270a0c08-1024x576.jpg 1024w, http:\/\/ruegen-ferienanlage.de\/wp-content\/uploads\/2018\/05\/8246e7cf-fe28-4144-b1d0-4df9270a0c08.jpg 1280w\" sizes=\"(max-width: 300px) 100vw, 300px\" \/><\/a>\n\t\t\t<\/div><\/figure><figure class='gallery-item'>\n\t\t\t<div class='gallery-icon landscape'>\n\t\t\t\t<a href='http:\/\/ruegen-ferienanlage.de\/?attachment_id=97'><img width=\"300\" height=\"170\" src=\"http:\/\/ruegen-ferienanlage.de\/wp-content\/uploads\/2018\/05\/Sonnenuntergang-300x170.jpg\" class=\"attachment-medium size-medium\" alt=\"\" loading=\"lazy\" srcset=\"http:\/\/ruegen-ferienanlage.de\/wp-content\/uploads\/2018\/05\/Sonnenuntergang-300x170.jpg 300w, http:\/\/ruegen-ferienanlage.de\/wp-content\/uploads\/2018\/05\/Sonnenuntergang-768x434.jpg 768w, http:\/\/ruegen-ferienanlage.de\/wp-content\/uploads\/2018\/05\/Sonnenuntergang-1024x579.jpg 1024w, http:\/\/ruegen-ferienanlage.de\/wp-content\/uploads\/2018\/05\/Sonnenuntergang.jpg 1952w\" sizes=\"(max-width: 300px) 100vw, 300px\" \/><\/a>\n\t\t\t<\/div><\/figure><figure class='gallery-item'>\n\t\t\t<div class='gallery-icon landscape'>\n\t\t\t\t<a href='http:\/\/ruegen-ferienanlage.de\/?attachment_id=145'><img width=\"300\" height=\"169\" src=\"http:\/\/ruegen-ferienanlage.de\/wp-content\/uploads\/2018\/05\/dff10618-8f79-4c27-a988-f2e9492b598d-e1526321047761-300x169.jpg\" class=\"attachment-medium size-medium\" alt=\"\" loading=\"lazy\" srcset=\"http:\/\/ruegen-ferienanlage.de\/wp-content\/uploads\/2018\/05\/dff10618-8f79-4c27-a988-f2e9492b598d-e1526321047761-300x169.jpg 300w, http:\/\/ruegen-ferienanlage.de\/wp-content\/uploads\/2018\/05\/dff10618-8f79-4c27-a988-f2e9492b598d-e1526321047761-1024x576.jpg 1024w, http:\/\/ruegen-ferienanlage.de\/wp-content\/uploads\/2018\/05\/dff10618-8f79-4c27-a988-f2e9492b598d-e1526321047761-768x432.jpg 768w, http:\/\/ruegen-ferienanlage.de\/wp-content\/uploads\/2018\/05\/dff10618-8f79-4c27-a988-f2e9492b598d-e1526321047761.jpg 1280w\" sizes=\"(max-width: 300px) 100vw, 300px\" \/><\/a>\n\t\t\t<\/div><\/figure><figure class='gallery-item'>\n\t\t\t<div class='gallery-icon landscape'>\n\t\t\t\t<a href='http:\/\/ruegen-ferienanlage.de\/?attachment_id=141'><img width=\"300\" height=\"225\" src=\"http:\/\/ruegen-ferienanlage.de\/wp-content\/uploads\/2018\/05\/aa92a0be-e104-47dc-b3ee-05ae0c34228b-300x225.jpg\" class=\"attachment-medium size-medium\" alt=\"\" loading=\"lazy\" srcset=\"http:\/\/ruegen-ferienanlage.de\/wp-content\/uploads\/2018\/05\/aa92a0be-e104-47dc-b3ee-05ae0c34228b-300x225.jpg 300w, http:\/\/ruegen-ferienanlage.de\/wp-content\/uploads\/2018\/05\/aa92a0be-e104-47dc-b3ee-05ae0c34228b-768x576.jpg 768w, http:\/\/ruegen-ferienanlage.de\/wp-content\/uploads\/2018\/05\/aa92a0be-e104-47dc-b3ee-05ae0c34228b-1024x768.jpg 1024w, http:\/\/ruegen-ferienanlage.de\/wp-content\/uploads\/2018\/05\/aa92a0be-e104-47dc-b3ee-05ae0c34228b.jpg 1280w\" sizes=\"(max-width: 300px) 100vw, 300px\" \/><\/a>\n\t\t\t<\/div><\/figure><figure class='gallery-item'>\n\t\t\t<div class='gallery-icon landscape'>\n\t\t\t\t<a href='http:\/\/ruegen-ferienanlage.de\/?attachment_id=138'><img width=\"300\" height=\"169\" src=\"http:\/\/ruegen-ferienanlage.de\/wp-content\/uploads\/2018\/05\/1ce5f900-4652-463f-9119-8061ad7ba04c-300x169.jpg\" class=\"attachment-medium size-medium\" alt=\"\" loading=\"lazy\" srcset=\"http:\/\/ruegen-ferienanlage.de\/wp-content\/uploads\/2018\/05\/1ce5f900-4652-463f-9119-8061ad7ba04c-300x169.jpg 300w, http:\/\/ruegen-ferienanlage.de\/wp-content\/uploads\/2018\/05\/1ce5f900-4652-463f-9119-8061ad7ba04c-768x432.jpg 768w, http:\/\/ruegen-ferienanlage.de\/wp-content\/uploads\/2018\/05\/1ce5f900-4652-463f-9119-8061ad7ba04c-1024x576.jpg 1024w, http:\/\/ruegen-ferienanlage.de\/wp-content\/uploads\/2018\/05\/1ce5f900-4652-463f-9119-8061ad7ba04c.jpg 1280w\" sizes=\"(max-width: 300px) 100vw, 300px\" \/><\/a>\n\t\t\t<\/div><\/figure>\n\t\t<\/div>\n\n","protected":false},"excerpt":{"rendered":"<p>Das alte vertr\u00e4umte ehemalige Fischerdorf Lohme mit seinem romantischen Naturstrand und dem idyllisch gelegenen Seglerhafen trohnt ca. 50 m \u00fcber dem Meer und am n\u00f6rdlichen Rand des von der UNESCO zum Weltnaturerbe ernannten Nationalpark Jasmund mit seinen herrlichen Buchenw\u00e4ldern. Verschiedene Wanderwege f\u00fchren Sie direkt zum ber\u00fchmten Kreidefelsen, dem K\u00f6nigsstuhl und dem informativen Nationalparkzentrum bis hin&hellip; <a href=\"http:\/\/ruegen-ferienanlage.de\/?page_id=89\" class=\"more-link\">Weiterlesen <span class=\"screen-reader-text\">Lohme &#038; R\u00fcgen<\/span><\/a><\/p>\n","protected":false},"author":1,"featured_media":0,"parent":0,"menu_order":0,"comment_status":"closed","ping_status":"closed","template":"","meta":[],"_links":{"self":[{"href":"http:\/\/ruegen-ferienanlage.de\/index.php?rest_route=\/wp\/v2\/pages\/89"}],"collection":[{"href":"http:\/\/ruegen-ferienanlage.de\/index.php?rest_route=\/wp\/v2\/pages"}],"about":[{"href":"http:\/\/ruegen-ferienanlage.de\/index.php?rest_route=\/wp\/v2\/types\/page"}],"author":[{"embeddable":true,"href":"http:\/\/ruegen-ferienanlage.de\/index.php?rest_route=\/wp\/v2\/users\/1"}],"replies":[{"embeddable":true,"href":"http:\/\/ruegen-ferienanlage.de\/index.php?rest_route=%2Fwp%2Fv2%2Fcomments&post=89"}],"version-history":[{"count":11,"href":"http:\/\/ruegen-ferienanlage.de\/index.php?rest_route=\/wp\/v2\/pages\/89\/revisions"}],"predecessor-version":[{"id":233,"href":"http:\/\/ruegen-ferienanlage.de\/index.php?rest_route=\/wp\/v2\/pages\/89\/revisions\/233"}],"wp:attachment":[{"href":"http:\/\/ruegen-ferienanlage.de\/index.php?rest_route=%2Fwp%2Fv2%2Fmedia&parent=89"}],"curies":[{"name":"wp","href":"https:\/\/api.w.org\/{rel}","templated":true}]}}